2
What is -16 + (-33 + 49 - -9)?
9
What is the value of 24 + -14 + -17 + -17?
-24
Evaluate -14 + -6 + -5 + 28.
3
What is 5 + (5 - (6 - 4)) + (1 - 0)?
9
What is the value of 0 + 7 + -1 + (-133 + -1 - -113)?
-15
What is the value of -5 + (1 - -8 - (-30 + 46))?
-12
What is -15 - (13 - (-14 - -38 - 14))?
-18
Calculate 1 + 4 + -6 + 12 + -8.
3
What is (61 - 50) + (-4 - -4 - 4)?
7
Calculate (381 - 386) + -7 + 1 + (-2 - 0).
-13
-18 + -10 + -5 + 21
-12
Evaluate 6 + (12 - 35) + 17 + 0 + 5.
5
What is the value of -6 - 5 - (-14 + 0)?
3
What is (7 + -5 + 8 + -4 - 22) + 4?
-12
Calculate -13 + ((37 - 14) + -16 - -20).
14
Evaluate (1 - 6) + 2 - (17 - (23 - 9)).
-6
Calculate 7 - -1 - ((180 - 175) + -7 + 1).
9
What is -29 + (17 - -8) + -15 + -1?
-20
(-20 - 0) + 379 + -351
8
Evaluate -14 - (-10 + -2 + -17 - 11).
26
-3 - (-31 - -14 - -4)
10
What is the value of (-42 - -50) + (9 - 12 - (-1 + -15))?
21
Evaluate -8 - 1 - (-21 - -1 - (-5 - -1)).
7
Evaluate -24 - ((-1 - (6 + -3)) + (52 - 48)).
-24
2 + 1 + (7 - (-5 - -13))
2
What is -15 - (-4 + -18) - (2 - -5)?
0
What is 1 - (1 - 0) - (-18 - (55 - 39))?
34
Evaluate 15 + (2 - (-6 - -28)).
-5
Evaluate (4 - 3 - -6) + -20 + 16 + 8.
11
2 + (-11 - 2) - -7
-4
What is 14 - 39 - (-23 - -2)?
-4
Evaluate 20 - (18 + -8) - (1 - 7).
16
-10 + (2 - (8 - 6 - 5)) + -3
-8
What is the value of 5 - (16 - (9 - 17 - -10) - 0)?
-9
Evaluate 0 + -1 + (13 - (12 + -5 - -1)).
4
Evaluate 3795 + -3826 - (-69 + -1).
39
What is (4 - -29) + 87 + -92?
28
-180 - (190 - 379) - (0 - (-23 + 1))
-13
-18 - (7 - ((-14 - -5) + 34))
0
Evaluate -15 + (27 - 46) + 30.
-4
What is the value of (67 - 86) + 1 + 2?
-16
1 + 0 + 11 - (-311 - -313)
10
What is the value of -1 + 3 + -4 - (219 + -207)?
-14
What is 10 + 12 + (8 - 7 - (-1 - 2))?
26
What is -2 + 6 - (0 - 5)?
9
Calculate -36 - ((-33 - 8) + -8).
13
What is the value of 13 - (-14 - -14 - -13)?
0
What is -9 - (5 + 4 + -9)?
-9
Evaluate -23 - ((17 - 3) + -24).
-13
What is (-9 - (-5 - ((-6 - -4) + 1))) + 4?
-1
Calculate -9 + 0 + 4 - -7.
2
Calculate 5 + (-1 + 3 + 0 - -6).
13
What is 1 + (4 - 26) + (-33 - -38)?
-16
Evaluate 23 + 20 + (-10 - 21) - (12 - -1).
-1
What is the value of -17 + -1 + 19 + (-2 - 1)?
-2
-22 - ((-30 - -47) + -22)
-17
Calculate (-4 + -6 + 4 + 2 - 1) + -9.
-14
What is the value of 8 - (-2 - -5) - -5 - (-20 + 47)?
-17
Evaluate -5 + (-8 + 12 - 2).
-3
13 + -13 + (-6 + 1 - -11)
6
Evaluate (11 - (11 - (-4 + 3))) + -9 + -1.
-11
Calculate (1 - -9) + (-99 - -82) + 7 + 2.
2
Evaluate -6 + 14 + -3 + -18.
-13
Calculate (17 + -11 - 4) + 21.
23
Evaluate -18 - (-1 - 5 - 10).
-2
What is -20 + 16 + 2 + 9 + -2 + -9?
-4
Calculate (56 + -30 - -4) + -33.
-3
Evaluate 22 + -59 + 66 + -10 + 3.
22
Evaluate 3 + -10 - (4 - (1 + 16)).
6
What is (3 - 0) + (11 - 29 - -14)?
-1
Calculate (-205 - -225) + -8 + 0 + 0.
12
What is (-13 - 0) + (34 - 40 - -6)?
-13
Evaluate -8 + 14 + (3 - 9 - -7).
7
What is 10 + -8 + 1 - (-1 + -13 + -2)?
19
Calculate 20 + (-29 + 15 - -3).
9
What is the value of -2 + (9 - (17 - 15) - (-1 + 7))?
-1
Calculate (17 + -25 - -8) + -1 + 0.
-1
Calculate 8 - ((-25 - -18) + 1 + (1 - 2)).
15
Calculate -16 + 37 + -25 + 11.
7
Evaluate 1 + ((-14 - 1) + 12 - 10).
-12
6 + -6 + -2 + 5 + -4
-1
15 + 2 + (-91 - -59)
-15
(1 - -1) + 8 + -1 + -159 + 162
12
2 - -1 - (-45 - -68)
-20
What is -144 + 153 + 4 + 13 + 5?
31
Evaluate 5 + 0 - (-3 + (-5 + 10 - -4)).
-1
43 - 10 - 17 - (5 + 23)
-12
Calculate (35 - (-3 + 3) - 1) + (17 - 26).
25
What is the value of 2 + 40 - (583 - 521)?
-20
Calculate -11 + -1 + (-18 - -27).
-3
Calculate (5 - 3) + (-4 - 15) + 3.
-14
What is the value of (-1 - 1) + (-2 - 0) - (36 - 23)?
-17
54 + -47 - (15 - (-4 + 2)) - 10
-20
Evaluate -16 + (5 - (9 - 14)).
-6
(85 - 81) + -1 + -1 + 2
4
7 - (-19 + 20 + (10 - -1) + 1)
-6
What is 2 + 24 + 0 + (-7 - -4) + 5?
28
Calculate -5 - (-3 - -1) - (0 - (-9 - -4)).
-8
What is 16 - 13 - (5 + -5 + 7)?
-4
What is (1 - -3) + -1 + (-100 - -62 - -21)?
-14
-2 - -2 - (31 - 36) - (8 + 18)
-21
Evaluate 22 + (18 + -10 - -1 - 10) - 1.
20
21 + (0 - -3) - (50 - 42)
16
-5 + (4 + -3 - 0) + 9
5
-23 + -4 + 0 + (-2 - (-15 - -4))
-18
Evaluate 1 + -3 + 19 + -10.
7
What is 2 + (14 - ((-2 - -4) + 4))?
10
What is -5 + -5 + 4 + -4 - (-4 - -1)?
-7
Calculate 29 - 1 - (-48 - -46 - -5).
25
Evaluate 18 + 8 - 32 - -34.
28
What is the value of 1 + (-12 - 3) + 26?
12
Calculate -18 + 19 - (21 - (2 + 6)).
-12
Evaluate -58 + 24 + 16 - -28.
10
What is the value of -2 + 3 + (15 - (-18 - -19))?
15
Evaluate (-17 - 10 - -5) + (0 - 10 - -6).
-26
What is the value of 1 + -4 + 10 + 0 - 15?
-8
What is the value of -13 - ((-22 - -37) + -19)?
-9
What is 2 + (19 - (-6 - 7))?
34
What is -33 + 20 - 0 - -4?
-9
17 + (-1 - (6 - -18))
-8
Evaluate (1 - 3) + (-99 - -106) + (-1 - 3).
1
Evaluate 5 - (-8 - ((1 - 13) + 5)).
6
Calculate 19 + ((6 - 6) + -6 - (1 + 0)).
12
Calculate 38 + -33 - (5 + 0 + -2).
2
Calculate (5 - 1) + -4 + -14 + 7.
-7
What is -36 + (27 - 67 - -85)?
9
What is the value of (-38 - -16) + (-81 - -81)?
-22
What is -1 + 5 + (30 - 67) + 13 + 19?
-1
What is -1 - -2 - (-25 - (-8 + 7) - -18)?
7
What is -12 + 27 + (-1 - -1) - 10?
5
Evaluate (-35 - -40) + -22 + 1 - 4 - 8.
-28
What is the value of 1368 + -1368 - (0 - -1 - -5)?
-6
Calculate (-14 + -2 - -1) + 1497 + -1484.
-2
Evaluate -1 - -6 - ((-239 - -250) + 1 + 0).
-7
What is the value of -2 + 36 + 2 + 4 + (61 - 71)?
30
What is 9 + 0 + (-4 - -9 - (0 - -4))?
10
What is (0 - -8 - (14 + 16 + -19)) + -1?
-4
-7 + 2 + -19 - (-1 + -12 + 6)
-17
-7 - ((434 - 427) + (0 + -1 - 3))
-10
-28 + 19 - -13 - -20
24
What is the value of -1 - 10 - (-8 + -1 - 3)?
1
(1 + -1 - 2) + (1 - 8) + 16
7
Evaluate (1 - 1) + (-4 - -5).
1
What is 4 + (-5 - 2) + (1 + 7 - 0)?
5
What is the value of -31 - (12 + 5 + -26)?
-22
-6 + 15 + 1 + (42 + -10 - 33)
9
Calculate 34 + -8 + -9 - 4.
13
(-265 - -296) + (-12 - 0)
19
0 + 7 + -12 + (-3 + 12 - 8)
-4
What is 7 + (2 - -5) - (-5 + -3 + 8)?
14
(19 - (3 + 5)) + (30 + -8 - 6)
27
Calculate -28 + 44 + -26 + (44 - 3).
31
What is -216 + 206 + (32 - 0)?
22
What is the value of (1 - -1) + -2 + 4 + -1 + -2?
1
Evaluate -10 - (7 + -12 + -3 - -1).
-3
(-41 - -10 - -10) + 9
-12
What is the value of (1 - 1) + (6 - -15) + -16 + -2?
3
What is the value of 2 + (0 - 9) + (21 - 14)?
0
Evaluate (-22 - -102 - 39) + -31.
10
(-15 - 0) + -8 + -12 + 26 + -6
-15
Calculate (-6 - 1 - (-3 + 2)) + 31 + -30.
-5
3 + (4 - (7 - 1)) - -29 - 1
29
What is the value of (6 - -10 - 0) + -14?
2
-14 + (-3 - -34) + 4 + -4
17
Evaluate 0 + -7 + 45 + -49 - -7.
-4
Calculate -7 - (7 + -6 + 4 - -5) - -6.
-11
Calculate (-5 + 17 - 1 - 8 - 6) + -13.
-16
Calculate -14 + -29 + 0 + 35.
-8
63 - (-11 + 30) - 31
13
Calculate (-5 - -5) + 20 + -1 - (-226 - -234).
11
What is the value of 13 + 11 + -17 - 9?
-2
Evaluate 4 - (6 - (5 + -4 + 7)) - -1.
7
23 + (-191 - -172) + (1 - -1)
6
Evaluate 51 + (-56 - (-13 + -7)).
15
What is the value of 10 + (-11 - 3) + -2 + -2 + -2?
-10
Evaluate (1 - 16) + 7 - -1 - 8.
-15
Calculate 35 + -9 + -6 - -8.
28
What is 4 - (-6 - (0 + -13 + 1))?
-2
Calculate -17 - (4 - 16) - (6 + 9).
-20
37 + -1 + (-230 - -199)
5
What is 4 + (-4 - (4 - 3)) + -21 + 16?
-6
-1 + ((6 - 18) + 1 - -13)
1
What is (-261 - -271) + (2 - -4)?
16
What is 17 + 0 + -9 - (1 - 2 - 14)?
23
Calculate 3 + -13 - (17 - (52 - 10)).
15
What is (13 - (17 - 7) - (3 - -7)) + -1?
-8
What is -14 + (17 - (16 + -2))?
-11
Evaluate -57 - (-63 - -42) - -1.
-35
Evaluate 2 + (-6 - 1 - (-37 + 24)).
8
Calculate (-1 - 3 - -1) + 0 - -6.
3
What is the value of 7 + (-9 - (1 + -6))?
3
What is the value of -4 + (10 - 6) + -5 - 13?
-18
What is the value of -14 - ((-26 - -8) + 7) - (-1 + 4)?
-6
Evaluate (-7 + -2 - (17 - 25)) + -9.
-10
What is the value of 20 - (-9 + 6 + 11 + -2)?
14
Calculate 0 + 25 + 0 + -4104 + 4099.
20
Calculate -55 - (-19 - -19 - 33).
-22
What is the value of (-6 - (26 + -13)) + 22?
3
Calculate (0 - 0 - -8 - (-173 - -187)) + -6.
-12
17 + -44 + (13 - 0)
-14
Evaluate -8 + 11 + -1 + 0 + (59 - 52).
9
Evaluate 4 - (5 - (12 + 0 + (-8 - -15))).
18
41 - 54 - (-1 - (1 + 3))
-8
14 + (116 - 121 - (8 - 1))
2
1 - 11 - (-18 - -16 - 28)
20
What is 0 + (-20 + 23 + (-11 - 0) - 3)?
-11
Calculate -2 - (10 + -8) - (-8 - 1).
5
Calculate 457 - 446 - (-1 - 0 - -28).
-16
What is the value of -36 - (16 - 23 - 8)?
-21
Calculate -8 - (8 - 9) - (10 + -5).
-12
What is